 prime factors of o?
5, 593
Let z = 76 - 49. Suppose 5*a - z = 3*p - 5*p, -p = -4*a + 19. Suppose -5*v + 56 = p. List the prime factors of v.
11
Let m(w) = -w - 7. Let k be m(-9). Let l be 0/(-2 + 0) + 0. Suppose -k*u + l*u = -22. What are the prime factors of u?
11
Let f = 7311 + -4140. List the prime factors of f.
3, 7, 151
Let p be 0 + 32 - (-36)/9. Let t = 37 - p. What are the prime factors of (-5 - -55) + 2 + t?
53
Suppose 0 = 2*a - 112 - 244. What are the prime factors of a?
2, 89
Let t(c) = -c**2 + 8*c + 5. Let q(b) = -b**2 + 8*b + 6. Let h(g) = 3*q(g) - 4*t(g). Let n be h(8). List the prime factors of 4*-13*n/4.
2, 13
Suppose -7668 = -5*r - 2353. List the prime factors of r.
1063
Let a(m) = -82*m - 1. Let g be a(-2). Let t = -113 + g. Suppose -3*q - t = -5*q. What are the prime factors of q?
5
Suppose -364 = -4*v - 2*t, -469 = -5*v - 2*t + 3*t. Let y = v + -54. What are the prime factors of y?
3, 13
Let h be ((-226)/(-5))/(-5*3/(-150)). Suppose 0 = 2*y - h - 42. List the prime factors of y.
13, 19
Suppose 2*r + 3*r = 2*r. What are the prime factors of 105 - (r - (8 + -4))?
109
Let s = -1323 + 2463. What are the prime factors of s?
2, 3, 5, 19
Let j(b) = 2*b**2 + 7*b - 1. Let k be j(-4). Suppose a + 2*v - 58 = -v, 5*a + k*v = 230. What are the prime factors of a?
43
Let d = -404 + 727. List the prime factors of d.
17, 19
Let s be 86/8 - (-3)/12. Suppose 2*h = h + s. Suppose 5*l = -3*y + 13, -4*l = 3*y - 6 - h. List the prime factors of y.
11
Let a = -102 + 106. Suppose -2*o = 4*c - 332, 7*c = 5*c - a. List the prime factors of o.
2, 5, 17
Let q(w) = -w**2 + 14*w - 7. Let u be 6/27 - (-215)/45. What are the prime factors of q(u)?
2, 19
Suppose 0 = 3*g - 3*z - 18, -2 = -3*g + z + 10. Suppose -n + 5*t = 3, -3*n = -5*t + g + 6. List the prime factors of (-3)/1*(n + -4).
3, 7
Suppose 17*p = 12279 + 2018. List the prime factors of p.
29
Let y = 84 + -36. Let j = y + 10. What are the prime factors of j?
2, 29
Suppose -5*x - 492 = -197. Let u = x + 113. What are the prime factors of u?
2, 3
Let a be (-3)/5*(-8 + -2). Suppose -215 = -a*m - 17. What are the prime factors of m?
3, 11
Let c = 6 - 6. Let b(u) = -u**3 + u**2 + 2*u + 130. List the prime factors of b(c).
2, 5, 13
Let q = -22 - -21. List the prime factors of 2 + (5 - 2) - q.
2, 3
What are the prime factors of (-330024)/(-114) - 8/(-152)?
3, 5, 193
Suppose -2*b - 3*a = -11, -5*a + 5 = -4*b + 16. Suppose -b*d + 63 = t, -2*d = -3*d - 3*t + 2. What are the prime factors of d?
17
Let r(z) = z**3 - 2*z**2 + 3*z - 3. Let b be r(2). Suppose b*s + 20 = 47. What are the prime factors of s?
3
Suppose 0 = 3*x - 8*x + 430. Suppose -2*i = -4*v + 2*i + 308, v - 4*i = x. Suppose -v = -2*h - 4. List the prime factors of h.
5, 7
Suppose 6*s - 270 = -12*s. Let p = 4 - 2. Suppose -3*q = -5*u + s, u = p*u + 3*q - 3. List the prime factors of u.
3
Suppose 7 = -t - 4*s - 10, 0 = -3*t - 2*s - 1. Suppose 5*v = 3*u + u - 39, u = t*v + 15. Suppose -u = -4*d + d. What are the prime factors of d?
2
Let l(v) = 165*v**3 - 3*v**2 - 8*v. List the prime factors of l(3).
2, 3, 367
Suppose 5*c = 5*q - 240, -4*q + 9*q = -5*c + 260. Suppose -3*o + y + q = 0, -3*o = -0*o + 5*y - 20. What are the prime factors of o?
3, 5
Let j = 4036 + -2742. List the prime factors of j.
2, 647
Let b(o) = o**2 + 6*o - 7. Let x be b(-5). Let v = x + 12. Suppose -p - 10 + 32 = v. List the prime factors of p.
2, 11
Suppose 2*s = 5*s + r + 6, 0 = 2*s - 2*r + 4. Suppose -77 = -5*o - 5*c + 13, o - 14 = -3*c. Let l = s + o. List the prime factors of l.
2, 3
Let p = 19 - 30. List the prime factors of (-2)/5 + (3432/(-5))/p.
2, 31
Suppose -3*t - 2*t = -10. Suppose 5*a - 246 = -2*b, -476 = 3*b - 7*b - t*a. List the prime factors of b.
2, 59
Suppose 3*n + 0*n = 5*d + 6067, -n - 2*d + 2037 = 0. List the prime factors of n.
2029
Let r = -124 + 175. What are the prime factors of r?
3, 17
Let w = 54 + -49. Suppose -4*u + 3*o + 907 = 0, -62 = 3*u + w*o - 764. List the prime factors of u.
229
Let x = -13 + 29. Suppose x - 54 = -h. Let y = h - 22. List the prime factors of y.
2
Let n(t) = 4*t**2 + 22*t + 8. Let p be n(-7). Suppose 2*x = p + 184. List the prime factors of x.
3, 13
Let s = 104 - 187. Let h = 116 + s. What are the prime factors of h?
3, 11
Suppose -14*r - 24 = -10*r. List the prime factors of (r + 3)/(1 + -2) - -18.
3, 7
Let t(g) = 4*g**2 - 3*g + 5. Let q be 18/2*(1 + 0). Let c(a) = -a**3 + 9*a**2 + 4. Let u be c(q). List the prime factors of t(u).
3, 19
What are the prime factors of 2 + 1 - (-1313 - 3)?
1319
Let u be (-2)/(-16) - 693/(-88). Suppose u*i = 163 - 59. Suppose 5*a - 273 = c, i = 5*c + 3. What are the prime factors of a?
5, 11
Suppose -14*k + 2608 = -6*k. List the prime factors of k.
2, 163
Suppose 7374 = 7*l + 2929. What are the prime factors of l?
5, 127
Let d(b) = -21*b + 555. List the prime factors of d(0).
3, 5, 37
Let u(m) = -m**2 + 6*m - 3. Let a be u(5). Suppose 3*j + 36 = -3*v, a*j - 17 = 3*v - 61. Let o = 37 + j. List the prime factors of o.
3, 7
Let q(a) = -135*a**2 + 3*a + 1. Let u be q(4). List the prime factors of (-1)/2 - u/38.
2, 7
Suppose 4*n = 3*d + 14, 0 = 3*d + d - 5*n + 20. Let s be (-326)/d - (-3)/(-5). Let o = s - 12. What are the prime factors of o?
2, 5
Let f(y) be the first derivative of 15*y**2/2 + 22*y + 19. What are the prime factors of f(5)?
97
Suppose 0 = 7*x - 18*x + 4422. List the prime factors of x.
2, 3, 67
Let o(p) = 200*p + p**2 - 7*p**2 - 210*p + p**3 + 10 + 9. What are the prime factors of o(8)?
67
Suppose -2*m + 118 = -3*o, -3*m + 5*o = 2*m - 300. What are the prime factors of m?
2, 31
What are the prime factors of 130 + (-5 - 3)*-1?
2, 3, 23
Let k = -979 - -1182. List the prime factors of k.
7, 29
Suppose -3 = 4*j - 11. Suppose p = -5*q + 49, j*q + 3*p - 30 + 0 = 0. Suppose -20 = 5*k, k + 7 = c - q. List the prime factors of c.
2, 3
Let t = 183 - 58. Let y = t + -73. Let i = y + -23. What are the prime factors of i?
29
Let q = 134 - 94. Suppose 0*s = 4*s - q. List the prime factors of s.
2, 5
What are the prime factors of (-43647)/(-24) + 9/24?
17, 107
Suppose -4*f + 96 = 2*b, -2*b + 5*f = -3*b + 51. Let y = b - -32. Suppose y = h + h. What are the prime factors of h?
3, 13
Let v be (0 + -1)/((-1)/3). Suppose 5*f = -v + 13. List the prime factors of 500/35 - f/7.
2, 7
Suppose -2*w - i = -100, -3*w + 108 = 5*i - 49. Let h = 148 - w. List the prime factors of h.
3, 11
Let a(t) = -t + 2. Let g be a(-2). Suppose -2*h + h - 56 = -r, 0 = 2*r + 4*h - 136. Suppose q + g*q = r. List the prime factors of q.
2, 3
Suppose -3*c - 24*o + 346 = -25*o, 0 = 3*c + 5*o - 322. What are the prime factors of c?
2, 3, 19
Let a = 39 - 35. Suppose 0 = 4*q - a*b - 1224, 4*b - 2*b + 303 = q. What are the prime factors of q?
3, 103
Let v(c) = -2*c - 15. Suppose 2*l - 20 = y - l, 5*y + 2*l = -32. Let u be v(y). List the prime factors of (-10 - u)/(1/(-4)).
2, 11
Let t(c) = -c**3 - 3*c**2 + c + 1. Let b be t(-5). Let s = b - 14. List the prime factors of s.
2
Let d(n) = -11*n + 16*n + 43 + 13*n. List the prime factors of d(10).
223
Suppose -2 = -5*j + 18. Suppose -12 + 0 = -j*u. Suppose -5*x = 3*t + 2*t - 85, -3*x + 27 = -u*t. List the prime factors of x.
13
Let g be 3*(-2)/2 - (-40 + -3). Suppose 14 = 5*o - 1. Suppose -o*m - m + g = 3*c, -5*m = c - 6. What are the prime factors of c?
2
Let n(r) be the third derivative of r**5/60 - r**4/4 + 5*r**3/3 - 51*r**2. Suppose 16 = 5*w - 19. What are the prime factors of n(w)?
17
Let d(u) = -50*u + 1. Let r be d(-2). Suppose -2*i = -z - 171, 3*i + 3*z = r + 160. List the prime factors of i.
2, 43
Let c = 226 + -76. Let b = 10 + c. Suppose -5*n = 2*k - 80, -6*n + n = -4*k + b. What are the prime factors of k?
2, 5
Let b(x) = 2*x**2 - 3*x + 3. Let w be b(-3). Let p = 21 + -18. Suppose -3*n + 5*u = -w, 0 = n + p*u - 8*u. List the prime factors of n.
3, 5
Suppose -5*z = -2*t - 21, 0*t - 43 = 3*t + 4*z. Let u be (t/3)/((-5)/15). Suppose 5*x - 16 = 4*m, -u = -4*x - 2*m + 5. List the prime factors of x.
2
Suppose -21 - 62 = y - 5*v, 3*y = -4*v - 192. Let u be 4 - (y + 2) - 3. Suppose 5*m + 3*z = u, -m - z - 3*z + 27 = 0. What are the prime factors of m?
11
Let y = -1611 - -1914. What are the prime factors of y?
3, 101
Let c(v) = -7*v**2 - 11*v + 5. Suppose 2*f - 5 = -15. Let y(n) = -6